-15 + 2) - 26 - (1 - 87)
82
Calculate -97 + (73 - 151) + 245.
70
What is the value of 8 + (-23 - ((69 - 67) + 2 + 0))?
-19
-34 - -13 - (7 - 10 - 3)
-15
Evaluate -42 - ((-43 - 4) + 9).
-4
Calculate -4 + -1 - ((48 - -18) + -182).
111
What is the value of 63 + -1 - (-75 + (-29 - -114) + -29)?
81
What is -46 + (6 - 12) + 2?
-50
Calculate 17 + -117 + 56 - -49.
5
-7 + 14 + (-22 - 39 - -29)
-25
Evaluate -21 - 1 - -19 - 27 - -5.
-25
Calculate 81 + -50 + -38 + 7.
0
Calculate 20 + -34 + 23 + 30 - -34.
73
Calculate 12 + -48 + (0 - (7 - (-1 - (-4 + -19)))).
-21
Evaluate (11 - -14) + (4 - -2) + -9 + -5.
17
Evaluate 6 + -1 - (-1693 - -1719).
-21
Calculate (-37 - -35 - 28 - 4) + -1.
-35
(-16 - -18) + 3 - (8 + -5 + 2) - -3
3
Calculate (39 + -49 + 8 - (-1 + -5)) + 28.
32
-45 + -1 + -1 + (-937 - -923)
-61
-14 - -52 - (0 + 6 - (-9 - (-11 + 6)))
28
Evaluate 5 - 0 - (-141 + 152 + -40).
34
What is the value of (-6 - (0 - 22)) + -7 + (-5 - -16 - 5)?
15
What is 8 + -9 + 1 + 7 + 3 - (-29 + -5)?
44
What is -36 + -13 - (36 + -39)?
-46
What is 9 + -8 + (10 - (-9 - 10)) + -8?
22
What is (13 - 10 - 6 - 4 - -9) + 38?
40
82 + 7 + -6 + -3 + 5 + 0
85
Evaluate -220 + 200 + 19 + 25.
24
Calculate 1 + -64 - ((-4 - -8) + -4 + (3 - -6)).
-72
What is (-38 - -1) + (-14 - (26 - 52))?
-25
Evaluate (10 - (-30 - -55)) + -3 + -4 + 3.
-19
What is -9 - (-11 + 17 + 18 - 17)?
-16
-9 - ((-14 - -1) + -3 + 8 - (97 + -46))
50
What is 11 + -3 - (59 + -2 + (38 - 79))?
-8
What is (7 - (207 + -190 - (-2 - -1))) + 139 + -8?
120
What is -78 + -15 + 92 - (-1 - -71 - (1 + 1))?
-69
(-37 - (-86 - -166)) + 85
-32
What is the value of (1 - 24) + (-38 + -20 + 141 - 30)?
30
What is 46 + -3 + (-11 + 4 + 9 - 12)?
33
What is the value of (68 + 12 - ((8 - 7) + -12 + -1)) + 4?
96
What is the value of 432 + -399 - (-3 - -52)?
-16
Evaluate (-12 + 5 - -10 - 4) + 10 + -10 + -98.
-99
Calculate -34 - -2 - 5 - (-17 + -12 - (0 + -17)).
-25
72 - (18 + 33 + 20)
1
Calculate 5 - ((66 - 10) + -16).
-35
Calculate -29 - (-23 + 14 + -1 + 22 - 14).
-27
What is the value of 106 - (-5 - -17 - -5 - (-52 - -49))?
86
What is the value of (79 - 60) + -29 + 74?
64
27 - -55 - (149 + -113)
46
(-1 - -119) + 22403 + -22430
91
38 - ((-6 - (-7 - -8)) + (14 - 13))
44
What is the value of (1 - 19 - -15) + 5 - (-15 - 0)?
17
What is 12 - 75 - 8 - ((16 - 33) + 40)?
-94
Calculate (23 + -37 - (-5 + 1 - 10)) + 39.
39
Calculate (21 - 95 - -71) + 32.
29
What is the value of -17 - (-49 + 44 - (3 - -1)) - -21?
13
Evaluate 77 + 74 + -103 - (-15 + -1).
64
124 + -182 - (-195 - -64)
73
Calculate 14 + (-14 + 25 + -26 - 0) - (0 - 28).
27
What is 3 - (22 + (-16 - -1)) - (30 + 2)?
-36
Evaluate -19 + 91 + -1 + -107 + (1 - 6).
-41
What is the value of (2 - -52 - -6) + -14?
46
What is 17 + -1 + 39 + -111 + (-3 - -2)?
-57
What is (43 - 3) + -4 + (24 - (17 - -15))?
28
What is -35 + 19 + 2 - 23 - 16?
-53
Evaluate (-21 - 2 - (-36 + 10)) + -25.
-22
Evaluate -1 + 2 - (-10 - (13 - (48 + 3 + -8))).
-19
(-66 - (-4 + 2)) + (16 - (5 - -2)) + -9
-64
(-118 - -129) + 1 + -31
-19
(-7 - (1 + 0)) + (-92 - (5 + -88))
-17
What is the value of -55 + 112 - 12 - 34?
11
What is (17 - (-19 - -29)) + 12 + -13?
6
What is the value of (27 + -17 + -2 - (-116 + 0)) + (-2 - -13)?
135
What is 6 - 5 - (-1 - -73 - (-841 + 820))?
-92
Calculate (30 + 1 - 15) + 52 - 24.
44
Calculate -25 + (24 - 31) + 0 + 0 + 0.
-32
What is -73 - (-47 - (-53 - -70))?
-9
What is the value of 26 + -26 - 52 - -48?
-4
What is the value of (-69 - (-22 - 11)) + -27?
-63
Calculate (-27 + 130 - (-2 + 5 - 1)) + (15 - 22).
94
-75 + 200 - (-16 - (17 + -30))
128
Calculate (9 - (-14 + (3 - -6))) + -4.
10
What is 40 + -53 - (24 + -24 + -75 + 3)?
59
What is -110 + 216 + -67 - (3 + -72)?
108
What is the value of (16 - (10 - 5)) + -51 + 99 - 9?
50
What is -3 - -2 - (57 + (12 - (15 + 12) - -2))?
-45
Calculate -83 - ((2 - (11 - -14)) + 19 + 16).
-95
What is the value of 0 - 25 - (0 - 1) - (3144 + -3153)?
-15
What is -51 - -5 - -12 - 2 - (-15 - -8)?
-29
Calculate -6 + -5 + 5 - (-22 - (11 - -15)).
42
What is 3 - -86 - 0 - (18 - (2 - (-5 + 0)))?
78
0 + (12 - (-60 + 59 + 1 + -4))
16
What is 7 + 23 + -12 + -10 + (11 - -3)?
22
What is the value of 90 + (-31 - 28 - -42)?
73
What is the value of (-2 - (-80 + (-13 - -8))) + (23 - 23)?
83
Calculate (11 + -46 - 3) + 7 - (-29 - -10).
-12
Calculate -20 - -2 - ((-58 - -69) + 1 + -10).
-20
Calculate 46 + 8 - ((19 + -3 - 10 - 1) + 2).
47
What is the value of 71 - (-5 - ((-13 - -53) + -43 + (-2 - 1)))?
70
36 - ((56 - 23) + -36)
39
What is (-99 - 12) + 16 - -38?
-57
Calculate (-1 - (3 + 3)) + (29 + 44 - -58).
124
What is the value of (-35 - -9) + -14 - -24 - 46?
-62
-15 + -3 + -27 + 65 + -22
-2
What is the value of (6 - -3 - 7) + -7 - (60 + -30)?
-35
-9 + (5 - -1) - (-13 + (12 - 10) + 111)
-103
What is -129 - -110 - (20 + (6 - 9))?
-36
What is (-155 - -116) + (-4 + 9 - -30)?
-4
What is (53 - 51 - (-3 + 9)) + -8 - 8?
-20
What is the value of (49 + -8 - (-11 - 2)) + 5?
59
What is (0 - 22 - -6) + 9 - (14 + 7 + -3)?
-25
What is 59 - ((71 - 30) + 5)?
13
Calculate (-13 - -4) + 29 + (-81 - (-3 + 1)).
-59
What is -32 + -3 + (-34 - 33) + 226?
124
Evaluate -30 + 35 + (5 - 3) + 9 - -7.
23
(-71 - (100 - 188)) + (-1 - 10)
6
Evaluate -5 + (-12 - (23 - 67)) + 26.
53
What is -24 + (-6 - 50) + -15 + (-2 - 5)?
-102
-4 + (508 + -530 - (-7 + 0))
-19
Calculate 24 - ((-15 - 4) + 40 + 2).
1
Calculate 29 - 43 - 32 - -17 - 2.
-31
Calculate (26 - (-34 + -131 + 0)) + -43.
148
-12200 + 12298 - (1 + 138)
-41
Evaluate 29 + -10 + 5 + 70 + -91.
3
What is (-7 - -14 - -17) + (-10 - -22) + -29?
7
-28 - (-1 - 0) - -12 - -24
9
What is the value of 9 + (-2 - 0 - (-5 + -31 + 5))?
38
What is the value of 3 + (-7 - (8 - 8)) - 6 - (-6 - -14)?
-18
What is the value of (-83 - -119) + -72 - (-11 + 2)?
-27
Calculate -13 + -1 + (23 + 2 + -53 - -78).
36
Evaluate 1 - -65 - (106 - (303 + -201)).
62
What is the value of -3 + (0 - -4) + -6 + -1 - (1 + -71)?
64
What is 79 - (0 - -4 - 7 - (-8 - (21 + -33)))?
86
Calculate -23 - -103 - 38 - 32.
10
Evaluate -46 - ((-51 - -28 - -8 - (-3 - 0)) + 7).
-41
Calculate (-11 - 0) + 45 + (-19 + 21 - -8).
44
What is (12 - 16) + (-33 - 16) + 10 + -2 + -5?
-50
What is (25 - (8 - 14)) + 10?
41
What is the value of -3 + (6 - 4 - 10) + (17 - 22) + -70?
-86
-38 - (13 - -16) - 37 - ((4 - 1) + 0)
-107
What is -1 + 5 + 0 - ((1 - (-6 + 9)) + 1)?
5
Evaluate (5 + 2 - -1) + (147 - 146) + 92 + -4.
97
Evaluate -80 + 96 + (-48 - -7) + 8.
-17
Evaluate -19 + (-90 + 202 - 103).
-10
What is the value of -24 - (-107 + (51 - 5))?
37
What is the value of -1 + 2 + -56 + -12 + (175 - 158)?
-50
Calculate 3 + -12 + (-143 - -172).
20
Evaluate 345 - 346 - (-17 - (-7 - -4)).
13
Calculate (-9 + 15 - -7) + 1 - (-46 - -34).
26
What is the value of (-5 + -39 - 21) + 1 + (-2 - (10 - 4))?
-72
What is the value of 2 - 33 - (1850 + -1855)?
-26
Evaluate 113 + -44 - -49 - (-7 - (4 + -14)).
115
Evaluate (-47 - -48) + 13 + 18.
32
What is the value of (27 - -2) + -4 - (-68 - -85)?
8
Calculate -20 - ((57 + -6 - 66) + 27 + 1).
-33
(3 + 2 + -2 - 2) + 289 + -316
-26
Evaluate 25 - 164 - (-21 + -63).
-55
Calculate 13 + 14 + -14 + 2 + 19.
34
What is the value of -10 + 5 + -13 + (-63 - -68)?
-13
Calculate 23 + 3 + -2 + (-1012 - -999).
11
Calculate (1 - -3) + -5 + -9 + (34 - (22 + 44)).
-42
What is -90 - (-93 + 40 - 63)?
26
Evaluate -125 + (-206 + 118 - -271).
58
-54 - (-17 - (-7 - -7 - 11))
-48
Calculate (-8 - (1 - -2)) + (-100 - (-5 - (1 + 22))).
-83
41 - (68 + 41 + -23)
-45
Evaluate (27 + -33 - -8) + 5 + -1.
6
What is the value of -1575 + 1640 + (4 - -7)?
76
Evaluate (24 - (19 + -11)) + -21 - -39.
34
What is the value of 15 + -2 - (46 + -53) - 11 - 5?
4
What is the value of -95 + (21 + 11 - -129)?
66
What is the value of (15 - -6) + (-201 - -12 - -83)?
-85
What is the value of 25 - (1 - (18 + -17) - 13)?
38
Calculate 1 - 0 - -34 - (-151 + 59 + 103).
24
What is the value of (-10209 - -10196) + 4 + -1 + (0 - 59)?
-69
(-11 + -8 - (-3 + -5)) + 44 + 9 + 22
64
Calculate (-1 - 0) + 73 + -61 - 7 - 58.
-54
What is -11 + 25 + 18 + -6 + -22 + 19?
23
Evaluate ((120 - 208) + 97 - (1 + (-3 - 0))) + -27.
-16
Calculate -4 + 31 + (24 + 5 - 22).
34
What is the value of 19 - (25 + -28 - (3 - 7))?
18
-5 - (-16 - (16 + (-9 - -4 - 68)))
-46
Evaluate -81 + -20 + 91 - ((88 - -4) + -2).
-100